{"id":283,"date":"2018-09-05T13:38:52","date_gmt":"2018-09-05T13:38:52","guid":{"rendered":"http:\/\/einschamanenweg.de\/?page_id=283"},"modified":"2024-11-25T18:15:07","modified_gmt":"2024-11-25T18:15:07","slug":"283-2","status":"publish","type":"page","link":"https:\/\/einschamanenweg.de\/?page_id=283","title":{"rendered":"Das Cover: Welle des Olymp"},"content":{"rendered":"<p><em>Das Buch\u00a0 <a href=\"https:\/\/www.einschamanenweg.de\/?page_id=253\"><img loading=\"lazy\" decoding=\"async\" class=\"alignnone wp-image-395\" src=\"http:\/\/einschamanenweg.de\/wp-content\/uploads\/2018\/09\/Welle-Vorderseite-195x300.jpg\" alt=\"\" width=\"15\" height=\"23\" srcset=\"https:\/\/einschamanenweg.de\/wp-content\/uploads\/2018\/09\/Welle-Vorderseite-195x300.jpg 195w, https:\/\/einschamanenweg.de\/wp-content\/uploads\/2018\/09\/Welle-Vorderseite.jpg 278w\" sizes=\"auto, (max-width: 15px) 100vw, 15px\" \/><\/a> \u00a0\u00a0\u00a0 \u00a0\u00a0 Leseprobe\u00a0 <a href=\"https:\/\/www.einschamanenweg.de\/?page_id=280\"><img loading=\"lazy\" decoding=\"async\" class=\"alignnone wp-image-395\" src=\"http:\/\/einschamanenweg.de\/wp-content\/uploads\/2018\/09\/Welle-Vorderseite-195x300.jpg\" alt=\"\" width=\"15\" height=\"23\" srcset=\"https:\/\/einschamanenweg.de\/wp-content\/uploads\/2018\/09\/Welle-Vorderseite-195x300.jpg 195w, https:\/\/einschamanenweg.de\/wp-content\/uploads\/2018\/09\/Welle-Vorderseite.jpg 278w\" sizes=\"auto, (max-width: 15px) 100vw, 15px\" \/><\/a> \u00a0\u00a0\u00a0\u00a0 \u00a0 Gedanken\u00a0 <a href=\"https:\/\/www.einschamanenweg.de\/?page_id=277\"><img loading=\"lazy\" decoding=\"async\" class=\"alignnone wp-image-395\" src=\"http:\/\/einschamanenweg.de\/wp-content\/uploads\/2018\/09\/Welle-Vorderseite-195x300.jpg\" alt=\"\" width=\"15\" height=\"23\" srcset=\"https:\/\/einschamanenweg.de\/wp-content\/uploads\/2018\/09\/Welle-Vorderseite-195x300.jpg 195w, https:\/\/einschamanenweg.de\/wp-content\/uploads\/2018\/09\/Welle-Vorderseite.jpg 278w\" sizes=\"auto, (max-width: 15px) 100vw, 15px\" \/><\/a> <strong>\u00a0\u00a0\u00a0\u00a0<\/strong> \u00a0 Gedichte\u00a0 <a href=\"https:\/\/www.einschamanenweg.de\/?page_id=405\"><img loading=\"lazy\" decoding=\"async\" class=\"alignnone wp-image-395\" src=\"http:\/\/einschamanenweg.de\/wp-content\/uploads\/2018\/09\/Welle-Vorderseite-195x300.jpg\" alt=\"\" width=\"15\" height=\"23\" srcset=\"https:\/\/einschamanenweg.de\/wp-content\/uploads\/2018\/09\/Welle-Vorderseite-195x300.jpg 195w, https:\/\/einschamanenweg.de\/wp-content\/uploads\/2018\/09\/Welle-Vorderseite.jpg 278w\" sizes=\"auto, (max-width: 15px) 100vw, 15px\" \/><\/a> \u00a0\u00a0\u00a0\u00a0\u00a0\u00a0 G\u00f6tterwelt\u00a0 <a href=\"https:\/\/www.einschamanenweg.de\/?page_id=412\"><img loading=\"lazy\" decoding=\"async\" class=\"alignnone wp-image-395\" src=\"http:\/\/einschamanenweg.de\/wp-content\/uploads\/2018\/09\/Welle-Vorderseite-195x300.jpg\" alt=\"\" width=\"15\" height=\"23\" srcset=\"https:\/\/einschamanenweg.de\/wp-content\/uploads\/2018\/09\/Welle-Vorderseite-195x300.jpg 195w, https:\/\/einschamanenweg.de\/wp-content\/uploads\/2018\/09\/Welle-Vorderseite.jpg 278w\" sizes=\"auto, (max-width: 15px) 100vw, 15px\" \/><\/a> \u00a0\u00a0\u00a0\u00a0\u00a0\u00a0 Der Untertitel\u00a0 <a href=\"https:\/\/www.einschamanenweg.de\/?page_id=483\"><img loading=\"lazy\" decoding=\"async\" class=\"alignnone wp-image-395\" src=\"http:\/\/einschamanenweg.de\/wp-content\/uploads\/2018\/09\/Welle-Vorderseite-195x300.jpg\" alt=\"\" width=\"15\" height=\"23\" srcset=\"https:\/\/einschamanenweg.de\/wp-content\/uploads\/2018\/09\/Welle-Vorderseite-195x300.jpg 195w, https:\/\/einschamanenweg.de\/wp-content\/uploads\/2018\/09\/Welle-Vorderseite.jpg 278w\" sizes=\"auto, (max-width: 15px) 100vw, 15px\" \/><\/a> \u00a0 \u00a0 \u00a0\u00a0 Bezug\u00a0 <a href=\"https:\/\/einschamanenweg.de\/?page_id=1217\"><img loading=\"lazy\" decoding=\"async\" class=\"alignnone wp-image-395\" src=\"http:\/\/einschamanenweg.de\/wp-content\/uploads\/2018\/09\/Welle-Vorderseite-195x300.jpg\" alt=\"\" width=\"15\" height=\"23\" srcset=\"https:\/\/einschamanenweg.de\/wp-content\/uploads\/2018\/09\/Welle-Vorderseite-195x300.jpg 195w, https:\/\/einschamanenweg.de\/wp-content\/uploads\/2018\/09\/Welle-Vorderseite.jpg 278w\" sizes=\"auto, (max-width: 15px) 100vw, 15px\" \/><\/a>\u00a0\u00a0\u00a0\u00a0\u00a0\u00a0 <\/em><\/p>\n<p><img loading=\"lazy\" decoding=\"async\" class=\"alignnone wp-image-326\" src=\"http:\/\/einschamanenweg.de\/wp-content\/uploads\/2018\/09\/Wasser-quer-300x59.jpg\" alt=\"\" width=\"940\" height=\"184\" srcset=\"https:\/\/einschamanenweg.de\/wp-content\/uploads\/2018\/09\/Wasser-quer-300x59.jpg 300w, https:\/\/einschamanenweg.de\/wp-content\/uploads\/2018\/09\/Wasser-quer-768x150.jpg 768w, https:\/\/einschamanenweg.de\/wp-content\/uploads\/2018\/09\/Wasser-quer-1024x200.jpg 1024w, https:\/\/einschamanenweg.de\/wp-content\/uploads\/2018\/09\/Wasser-quer-624x122.jpg 624w\" sizes=\"auto, (max-width: 940px) 100vw, 940px\" \/><\/p>\n<h2>Das Cover<\/h2>\n<div id=\"attachment_260\" style=\"width: 310px\" class=\"wp-caption alignleft\"><img loading=\"lazy\" decoding=\"async\" aria-describedby=\"caption-attachment-260\" class=\"wp-image-260 size-medium\" src=\"http:\/\/einschamanenweg.de\/wp-content\/uploads\/2018\/09\/18_Kreta_Wasser2006_klein-300x201.jpg\" alt=\"\" width=\"300\" height=\"201\" srcset=\"https:\/\/einschamanenweg.de\/wp-content\/uploads\/2018\/09\/18_Kreta_Wasser2006_klein-300x201.jpg 300w, https:\/\/einschamanenweg.de\/wp-content\/uploads\/2018\/09\/18_Kreta_Wasser2006_klein-624x419.jpg 624w, https:\/\/einschamanenweg.de\/wp-content\/uploads\/2018\/09\/18_Kreta_Wasser2006_klein.jpg 669w\" sizes=\"auto, (max-width: 300px) 100vw, 300px\" \/><p id=\"caption-attachment-260\" class=\"wp-caption-text\">Foto Herbert Maier Kreta 2006<\/p><\/div>\n<p><strong><em>Der Blick in das Wasser als Gleichnis auf\u00a0 das Erleben unserer Gef\u00fchle<br \/>\n<\/em><\/strong><em>Wir schauen in die Tiefe des Wassers. Das Licht bricht und spiegelt sich, w\u00e4hrend es in das Meer eintaucht. Eine farbig schillernde Welt zeigt sich. Wie die Welt der Gef\u00fchle \u00f6ffnet sich im Wasser die Vielfalt des Lebens. Hier\u00fcber schenkt uns das Licht Klarheit! Nichts soll ihm verborgen bleiben, verdeckt werden oder im Schatten liegen.<br \/>\n<\/em><em>Sicher, die Konturen werden weich, verschwimmen leicht im Meer. Doch wie k\u00f6nnten sie sonst unser Dasein sanft gestalten?<\/em><\/p>\n<p><em><strong>\u00bbEuch Menschen erscheine ich schillernd und schwer zu fassen. Ich entziehe mich, wenn ihr nach mir greift, bin weder durch das Luftige in klaren Gedanken noch durch das Erdige in klarer Struktur zu verstehen. Ja, ich flie\u00dfe in einem fort! Dies kann ich euch lehren. Denn eure Sehnsucht blickt jeden Augenblick zu mir.\u00ab<\/strong><\/em><br \/>\n<em>Aus: Die Welle des Olymp<\/em><\/p>\n<p><em>Zur\u00fcck\u00a0\u00a0<a href=\"https:\/\/www.einschamanenweg.de\/?page_id=253\"><img loading=\"lazy\" decoding=\"async\" class=\"alignnone wp-image-395\" src=\"http:\/\/einschamanenweg.de\/wp-content\/uploads\/2018\/09\/Welle-Vorderseite-195x300.jpg\" alt=\"\" width=\"15\" height=\"23\" srcset=\"https:\/\/einschamanenweg.de\/wp-content\/uploads\/2018\/09\/Welle-Vorderseite-195x300.jpg 195w, https:\/\/einschamanenweg.de\/wp-content\/uploads\/2018\/09\/Welle-Vorderseite.jpg 278w\" sizes=\"auto, (max-width: 15px) 100vw, 15px\" \/><\/a><br \/>\n<\/em><\/p>\n","protected":false},"excerpt":{"rendered":"<p>Das Buch\u00a0 \u00a0\u00a0\u00a0 \u00a0\u00a0 Leseprobe\u00a0 \u00a0\u00a0\u00a0\u00a0 \u00a0 Gedanken\u00a0 \u00a0\u00a0\u00a0\u00a0 \u00a0 Gedichte\u00a0 \u00a0\u00a0\u00a0\u00a0\u00a0\u00a0 G\u00f6tterwelt\u00a0 \u00a0\u00a0\u00a0\u00a0\u00a0\u00a0 Der Untertitel\u00a0 \u00a0 \u00a0 \u00a0\u00a0 Bezug\u00a0 \u00a0\u00a0\u00a0\u00a0\u00a0\u00a0 Das Cover Der Blick in das Wasser als Gleichnis auf\u00a0 das Erleben unserer Gef\u00fchle Wir schauen in die Tiefe des Wassers. Das Licht bricht und spiegelt sich, w\u00e4hrend es in das Meer eintaucht. Eine [&hellip;]<\/p>\n","protected":false},"author":1,"featured_media":0,"parent":0,"menu_order":0,"comment_status":"closed","ping_status":"closed","template":"","meta":{"footnotes":""},"class_list":["post-283","page","type-page","status-publish","hentry"],"_links":{"self":[{"href":"https:\/\/einschamanenweg.de\/index.php?rest_route=\/wp\/v2\/pages\/283","targetHints":{"allow":["GET"]}}],"collection":[{"href":"https:\/\/einschamanenweg.de\/index.php?rest_route=\/wp\/v2\/pages"}],"about":[{"href":"https:\/\/einschamanenweg.de\/index.php?rest_route=\/wp\/v2\/types\/page"}],"author":[{"embeddable":true,"href":"https:\/\/einschamanenweg.de\/index.php?rest_route=\/wp\/v2\/users\/1"}],"replies":[{"embeddable":true,"href":"https:\/\/einschamanenweg.de\/index.php?rest_route=%2Fwp%2Fv2%2Fcomments&post=283"}],"version-history":[{"count":23,"href":"https:\/\/einschamanenweg.de\/index.php?rest_route=\/wp\/v2\/pages\/283\/revisions"}],"predecessor-version":[{"id":1227,"href":"https:\/\/einschamanenweg.de\/index.php?rest_route=\/wp\/v2\/pages\/283\/revisions\/1227"}],"wp:attachment":[{"href":"https:\/\/einschamanenweg.de\/index.php?rest_route=%2Fwp%2Fv2%2Fmedia&parent=283"}],"curies":[{"name":"wp","href":"https:\/\/api.w.org\/{rel}","templated":true}]}}