{"id":253,"date":"2018-09-04T11:07:00","date_gmt":"2018-09-04T11:07:00","guid":{"rendered":"http:\/\/einschamanenweg.de\/?page_id=253"},"modified":"2024-11-25T18:22:20","modified_gmt":"2024-11-25T18:22:20","slug":"welle-des-olymp","status":"publish","type":"page","link":"https:\/\/einschamanenweg.de\/?page_id=253","title":{"rendered":"Die Welle des Olymp &#8211; die Liebe, die Freiheit und die G\u00f6tter"},"content":{"rendered":"<p><em>Das Cover\u00a0 <a href=\"https:\/\/www.einschamanenweg.de\/?page_id=283\"><img loading=\"lazy\" decoding=\"async\" class=\"alignnone wp-image-395\" src=\"http:\/\/einschamanenweg.de\/wp-content\/uploads\/2018\/09\/Welle-Vorderseite-195x300.jpg\" alt=\"\" width=\"15\" height=\"23\" srcset=\"https:\/\/einschamanenweg.de\/wp-content\/uploads\/2018\/09\/Welle-Vorderseite-195x300.jpg 195w, https:\/\/einschamanenweg.de\/wp-content\/uploads\/2018\/09\/Welle-Vorderseite.jpg 278w\" sizes=\"auto, (max-width: 15px) 100vw, 15px\" \/><\/a> \u00a0\u00a0 \u00a0 \u00a0 Leseprobe\u00a0 <a href=\"https:\/\/www.einschamanenweg.de\/?page_id=280\"><img loading=\"lazy\" decoding=\"async\" class=\"alignnone wp-image-395\" src=\"http:\/\/einschamanenweg.de\/wp-content\/uploads\/2018\/09\/Welle-Vorderseite-195x300.jpg\" alt=\"\" width=\"15\" height=\"23\" srcset=\"https:\/\/einschamanenweg.de\/wp-content\/uploads\/2018\/09\/Welle-Vorderseite-195x300.jpg 195w, https:\/\/einschamanenweg.de\/wp-content\/uploads\/2018\/09\/Welle-Vorderseite.jpg 278w\" sizes=\"auto, (max-width: 15px) 100vw, 15px\" \/><\/a> \u00a0\u00a0\u00a0\u00a0 \u00a0 Gedanken\u00a0 <a href=\"https:\/\/www.einschamanenweg.de\/?page_id=277\"><img loading=\"lazy\" decoding=\"async\" class=\"alignnone wp-image-395\" src=\"http:\/\/einschamanenweg.de\/wp-content\/uploads\/2018\/09\/Welle-Vorderseite-195x300.jpg\" alt=\"\" width=\"15\" height=\"23\" srcset=\"https:\/\/einschamanenweg.de\/wp-content\/uploads\/2018\/09\/Welle-Vorderseite-195x300.jpg 195w, https:\/\/einschamanenweg.de\/wp-content\/uploads\/2018\/09\/Welle-Vorderseite.jpg 278w\" sizes=\"auto, (max-width: 15px) 100vw, 15px\" \/><\/a> <strong>\u00a0\u00a0 \u00a0 \u00a0<\/strong> Gedichte\u00a0 <a href=\"https:\/\/www.einschamanenweg.de\/?page_id=405\"><img loading=\"lazy\" decoding=\"async\" class=\"alignnone wp-image-395\" src=\"http:\/\/einschamanenweg.de\/wp-content\/uploads\/2018\/09\/Welle-Vorderseite-195x300.jpg\" alt=\"\" width=\"15\" height=\"23\" srcset=\"https:\/\/einschamanenweg.de\/wp-content\/uploads\/2018\/09\/Welle-Vorderseite-195x300.jpg 195w, https:\/\/einschamanenweg.de\/wp-content\/uploads\/2018\/09\/Welle-Vorderseite.jpg 278w\" sizes=\"auto, (max-width: 15px) 100vw, 15px\" \/><\/a> \u00a0\u00a0\u00a0\u00a0\u00a0\u00a0 G\u00f6tterwelt\u00a0 <a href=\"https:\/\/www.einschamanenweg.de\/?page_id=412\"><img loading=\"lazy\" decoding=\"async\" class=\"alignnone wp-image-395\" src=\"http:\/\/einschamanenweg.de\/wp-content\/uploads\/2018\/09\/Welle-Vorderseite-195x300.jpg\" alt=\"\" width=\"15\" height=\"23\" srcset=\"https:\/\/einschamanenweg.de\/wp-content\/uploads\/2018\/09\/Welle-Vorderseite-195x300.jpg 195w, https:\/\/einschamanenweg.de\/wp-content\/uploads\/2018\/09\/Welle-Vorderseite.jpg 278w\" sizes=\"auto, (max-width: 15px) 100vw, 15px\" \/><\/a> \u00a0\u00a0 \u00a0 \u00a0 Der Untertitel\u00a0 <a href=\"https:\/\/www.einschamanenweg.de\/?page_id=483\"><img loading=\"lazy\" decoding=\"async\" class=\"alignnone wp-image-395\" src=\"http:\/\/einschamanenweg.de\/wp-content\/uploads\/2018\/09\/Welle-Vorderseite-195x300.jpg\" alt=\"\" width=\"15\" height=\"23\" srcset=\"https:\/\/einschamanenweg.de\/wp-content\/uploads\/2018\/09\/Welle-Vorderseite-195x300.jpg 195w, https:\/\/einschamanenweg.de\/wp-content\/uploads\/2018\/09\/Welle-Vorderseite.jpg 278w\" sizes=\"auto, (max-width: 15px) 100vw, 15px\" \/><\/a> \u00a0 \u00a0 \u00a0 Bezug\u00a0 <a href=\"https:\/\/einschamanenweg.de\/?page_id=1217\"><img loading=\"lazy\" decoding=\"async\" class=\"alignnone wp-image-395\" src=\"http:\/\/einschamanenweg.de\/wp-content\/uploads\/2018\/09\/Welle-Vorderseite-195x300.jpg\" alt=\"\" width=\"15\" height=\"23\" srcset=\"https:\/\/einschamanenweg.de\/wp-content\/uploads\/2018\/09\/Welle-Vorderseite-195x300.jpg 195w, https:\/\/einschamanenweg.de\/wp-content\/uploads\/2018\/09\/Welle-Vorderseite.jpg 278w\" sizes=\"auto, (max-width: 15px) 100vw, 15px\" \/><\/a>\u00a0\u00a0\u00a0\u00a0\u00a0\u00a0\u00a0\u00a0\u00a0\u00a0\u00a0\u00a0\u00a0\u00a0\u00a0\u00a0\u00a0\u00a0\u00a0\u00a0\u00a0\u00a0\u00a0 \u00a0 \u00a0\u00a0\u00a0\u00a0\u00a0\u00a0\u00a0\u00a0\u00a0\u00a0\u00a0\u00a0 <\/em><\/p>\n<p><img loading=\"lazy\" decoding=\"async\" class=\"alignnone wp-image-326\" src=\"http:\/\/einschamanenweg.de\/wp-content\/uploads\/2018\/09\/Wasser-quer-300x59.jpg\" alt=\"\" width=\"940\" height=\"184\" srcset=\"https:\/\/einschamanenweg.de\/wp-content\/uploads\/2018\/09\/Wasser-quer-300x59.jpg 300w, https:\/\/einschamanenweg.de\/wp-content\/uploads\/2018\/09\/Wasser-quer-768x150.jpg 768w, https:\/\/einschamanenweg.de\/wp-content\/uploads\/2018\/09\/Wasser-quer-1024x200.jpg 1024w, https:\/\/einschamanenweg.de\/wp-content\/uploads\/2018\/09\/Wasser-quer-624x122.jpg 624w\" sizes=\"auto, (max-width: 940px) 100vw, 940px\" \/><\/p>\n<h2>Das Buch<\/h2>\n<p><strong><em><img loading=\"lazy\" decoding=\"async\" class=\"wp-image-395 size-medium alignleft\" src=\"http:\/\/einschamanenweg.de\/wp-content\/uploads\/2018\/09\/Welle-Vorderseite-195x300.jpg\" alt=\"\" width=\"195\" height=\"300\" srcset=\"https:\/\/einschamanenweg.de\/wp-content\/uploads\/2018\/09\/Welle-Vorderseite-195x300.jpg 195w, https:\/\/einschamanenweg.de\/wp-content\/uploads\/2018\/09\/Welle-Vorderseite.jpg 278w\" sizes=\"auto, (max-width: 195px) 100vw, 195px\" \/> <\/em><\/strong><em><strong>Dem Menschen ist es bestimmt, eingebettet in die Vielfalt seiner Gef\u00fchle und Gedanken Erfahrungen zu machen. Wohin f\u00fchren diese? Welche Kr\u00e4fte kommen zur Entfaltung? Besitzt der Mensch ein Schicksal, welches er erf\u00fcllen muss, und was bedeutet es, Herr seiner selbst zu sein? <\/strong><\/em><\/p>\n<p><em>Bei einem Sportwettkampf lernen sich Britta und Bernhard kennen. Britta temperamentvoll, unruhig und voller Erwartung fordert Beachtung und Anerkennung. Bernhard tr\u00e4gt die Sehnsucht nach Harmonie und Verst\u00e4ndigung in seinem Herzen. Gemeinsam machen sie sich auf den Weg und ahnen von ihrer tiefen Zusammengeh\u00f6rigkeit.<br \/>\n<\/em><em>Familie und Kinder liegen auf dem gemeinsamen Weg. Gl\u00fcck und Erf\u00fcllung soll das Leben schenken. Doch dieses bleibt stets Herausforderung und bringt gleichfalls Missverst\u00e4ndnis und Verletzung mit sich. Denn, was dem Einzelnen fehlt, wird vom Gegen\u00fcber eingefordert. <\/em><em>Bernhard liebt die griechische G\u00f6tterwelt, die ihm Wegweiser und Bezugspunkt wird. Es ist nicht allein der reflektierende Verstand, der Bernhard mit den G\u00f6ttern verbindet, sondern lebendige innere Erfahrung. Dieses Erleben begleitet ihn und Britta. Die Geburt ihrer Kinder, die Liebschaften von Britta, der Tod von Bernhards Bruder, all das kann eigene Gestaltung und auch Schicksal sein.<br \/>\n<\/em><em>Dann tritt mit gro\u00dfer Macht ein, was das Leben in neue Bahnen lenkt. Auf der Suche nach sich selbst, ersch\u00fcttert durch die offenbar gewordene Untreue seiner Frau, verungl\u00fcckt Bernhard w\u00e4hrend seines Urlaubs beim Olymp. In dieser Zeit, k\u00fcnstlich beatmet und versorgt auf der Intensivstation, taucht er in eine Begegnung mit den Urm\u00e4chten dieser Welt ein.<br \/>\n<\/em><em>So treten die alten Gottheiten vor das menschliche Bewusstsein. Der Platz, der ihnen geb\u00fchrt! Davon erz\u00e4hlt dieser Roman \u2013 sanft und bestimmend, von einer profanen und zugleich heiligen Welt. Unterhaltsam und spannend ist das Buch geschrieben \u2013 voller Verst\u00e4ndnis und Weisheit f\u00fcr den fordernden Menschenweg. Die tiefen Gr\u00fcnde, die den Menschen bewegen, treten mit Klarheit ins Licht.<\/em><\/p>\n<p><em><strong>\u00bbWir M\u00e4nner suchen am meisten die Liebe der Frau und unsere Annahme durch ihre Hingabe. Wenn uns dies gelingt, dann meinen wir, gl\u00fccklich zu sein. Wir bed\u00fcrfen nicht der K\u00f6nigskrone und nicht der Weisheit, schenkt uns die Frau ihre liebevolle Hingabe. Allerdings verlangt sie von uns ebenso Weisheit und Herrschaft, Klugheit und Status, um uns zu erw\u00e4hlen. Denn allzeit ist sie es, die erw\u00e4hlt und nur aus ihr kann Hingabe entspringen. Ares mag glauben, er k\u00f6nne dies erzwingen. Zeus mag der \u00dcberzeugung sein, mit List lie\u00dfe sich Hingabe erlangen. Gleichwohl geschieht wahre Hingabe allein aus Liebe und diese kann nur freiwillig sein.\u00ab<br \/>\n<\/strong>Aus: Die Welle des Olymp<\/em><\/p>\n","protected":false},"excerpt":{"rendered":"<p>Das Cover\u00a0 \u00a0\u00a0 \u00a0 \u00a0 Leseprobe\u00a0 \u00a0\u00a0\u00a0\u00a0 \u00a0 Gedanken\u00a0 \u00a0\u00a0 \u00a0 \u00a0 Gedichte\u00a0 \u00a0\u00a0\u00a0\u00a0\u00a0\u00a0 G\u00f6tterwelt\u00a0 \u00a0\u00a0 \u00a0 \u00a0 Der Untertitel\u00a0 \u00a0 \u00a0 \u00a0 Bezug\u00a0 \u00a0\u00a0\u00a0\u00a0\u00a0\u00a0\u00a0\u00a0\u00a0\u00a0\u00a0\u00a0\u00a0\u00a0\u00a0\u00a0\u00a0\u00a0\u00a0\u00a0\u00a0\u00a0\u00a0 \u00a0 \u00a0\u00a0\u00a0\u00a0\u00a0\u00a0\u00a0\u00a0\u00a0\u00a0\u00a0\u00a0 Das Buch Dem Menschen ist es bestimmt, eingebettet in die Vielfalt seiner Gef\u00fchle und Gedanken Erfahrungen zu machen. Wohin f\u00fchren diese? Welche Kr\u00e4fte kommen zur Entfaltung? Besitzt der [&hellip;]<\/p>\n","protected":false},"author":1,"featured_media":0,"parent":0,"menu_order":0,"comment_status":"closed","ping_status":"closed","template":"","meta":{"footnotes":""},"class_list":["post-253","page","type-page","status-publish","hentry"],"_links":{"self":[{"href":"https:\/\/einschamanenweg.de\/index.php?rest_route=\/wp\/v2\/pages\/253","targetHints":{"allow":["GET"]}}],"collection":[{"href":"https:\/\/einschamanenweg.de\/index.php?rest_route=\/wp\/v2\/pages"}],"about":[{"href":"https:\/\/einschamanenweg.de\/index.php?rest_route=\/wp\/v2\/types\/page"}],"author":[{"embeddable":true,"href":"https:\/\/einschamanenweg.de\/index.php?rest_route=\/wp\/v2\/users\/1"}],"replies":[{"embeddable":true,"href":"https:\/\/einschamanenweg.de\/index.php?rest_route=%2Fwp%2Fv2%2Fcomments&post=253"}],"version-history":[{"count":21,"href":"https:\/\/einschamanenweg.de\/index.php?rest_route=\/wp\/v2\/pages\/253\/revisions"}],"predecessor-version":[{"id":604,"href":"https:\/\/einschamanenweg.de\/index.php?rest_route=\/wp\/v2\/pages\/253\/revisions\/604"}],"wp:attachment":[{"href":"https:\/\/einschamanenweg.de\/index.php?rest_route=%2Fwp%2Fv2%2Fmedia&parent=253"}],"curies":[{"name":"wp","href":"https:\/\/api.w.org\/{rel}","templated":true}]}}