{"id":1597,"date":"2025-08-04T06:38:57","date_gmt":"2025-08-04T06:38:57","guid":{"rendered":"https:\/\/einschamanenweg.de\/?page_id=1597"},"modified":"2025-08-18T14:38:04","modified_gmt":"2025-08-18T14:38:04","slug":"leseprobe-am-fluss","status":"publish","type":"page","link":"https:\/\/einschamanenweg.de\/?page_id=1597","title":{"rendered":"Leseprobe am Fluss"},"content":{"rendered":"<p><a href=\"https:\/\/einschamanenweg.de\/?page_id=1566\"><img loading=\"lazy\" decoding=\"async\" class=\"alignnone wp-image-1559\" src=\"https:\/\/einschamanenweg.de\/wp-content\/uploads\/2025\/07\/Buch-Fluss-211x300.jpg\" alt=\"\" width=\"20\" height=\"28\" srcset=\"https:\/\/einschamanenweg.de\/wp-content\/uploads\/2025\/07\/Buch-Fluss-211x300.jpg 211w, https:\/\/einschamanenweg.de\/wp-content\/uploads\/2025\/07\/Buch-Fluss.jpg 250w\" sizes=\"auto, (max-width: 20px) 100vw, 20px\" \/><\/a>\u00a0\u00a0<em>Cover\u00a0 \u00a0 \u00a0 \u00a0 <a href=\"https:\/\/einschamanenweg.de\/?page_id=1578\"><img loading=\"lazy\" decoding=\"async\" class=\"alignnone wp-image-1559\" src=\"https:\/\/einschamanenweg.de\/wp-content\/uploads\/2025\/07\/Buch-Fluss-211x300.jpg\" alt=\"\" width=\"20\" height=\"28\" srcset=\"https:\/\/einschamanenweg.de\/wp-content\/uploads\/2025\/07\/Buch-Fluss-211x300.jpg 211w, https:\/\/einschamanenweg.de\/wp-content\/uploads\/2025\/07\/Buch-Fluss.jpg 250w\" sizes=\"auto, (max-width: 20px) 100vw, 20px\" \/><\/a> Gedanken\u00a0 \u00a0 <a href=\"https:\/\/einschamanenweg.de\/?page_id=1577\"><img loading=\"lazy\" decoding=\"async\" class=\"alignnone wp-image-1559\" src=\"https:\/\/einschamanenweg.de\/wp-content\/uploads\/2025\/07\/Buch-Fluss-211x300.jpg\" alt=\"\" width=\"20\" height=\"28\" srcset=\"https:\/\/einschamanenweg.de\/wp-content\/uploads\/2025\/07\/Buch-Fluss-211x300.jpg 211w, https:\/\/einschamanenweg.de\/wp-content\/uploads\/2025\/07\/Buch-Fluss.jpg 250w\" sizes=\"auto, (max-width: 20px) 100vw, 20px\" \/><\/a>\u00a0 Kunst\u00a0 \u00a0 \u00a0 <a href=\"https:\/\/einschamanenweg.de\/?page_id=1557\"><img loading=\"lazy\" decoding=\"async\" class=\"alignnone wp-image-1559\" src=\"https:\/\/einschamanenweg.de\/wp-content\/uploads\/2025\/07\/Buch-Fluss-211x300.jpg\" alt=\"\" width=\"20\" height=\"28\" srcset=\"https:\/\/einschamanenweg.de\/wp-content\/uploads\/2025\/07\/Buch-Fluss-211x300.jpg 211w, https:\/\/einschamanenweg.de\/wp-content\/uploads\/2025\/07\/Buch-Fluss.jpg 250w\" sizes=\"auto, (max-width: 20px) 100vw, 20px\" \/><\/a>\u00a0 Bezug\u00a0 \u00a0 \u00a0 \u00a0 <a href=\"https:\/\/einschamanenweg.de\/?page_id=1543\"><img loading=\"lazy\" decoding=\"async\" class=\"alignnone wp-image-1559\" src=\"https:\/\/einschamanenweg.de\/wp-content\/uploads\/2025\/07\/Buch-Fluss-211x300.jpg\" alt=\"\" width=\"20\" height=\"28\" srcset=\"https:\/\/einschamanenweg.de\/wp-content\/uploads\/2025\/07\/Buch-Fluss-211x300.jpg 211w, https:\/\/einschamanenweg.de\/wp-content\/uploads\/2025\/07\/Buch-Fluss.jpg 250w\" sizes=\"auto, (max-width: 20px) 100vw, 20px\" \/><\/a>\u00a0 Buch\u00a0 \u00a0 <a href=\"https:\/\/einschamanenweg.de\/?page_id=1607\"><img loading=\"lazy\" decoding=\"async\" class=\"alignnone wp-image-1559\" src=\"https:\/\/einschamanenweg.de\/wp-content\/uploads\/2025\/07\/Buch-Fluss-211x300.jpg\" alt=\"\" width=\"20\" height=\"28\" srcset=\"https:\/\/einschamanenweg.de\/wp-content\/uploads\/2025\/07\/Buch-Fluss-211x300.jpg 211w, https:\/\/einschamanenweg.de\/wp-content\/uploads\/2025\/07\/Buch-Fluss.jpg 250w\" sizes=\"auto, (max-width: 20px) 100vw, 20px\" \/><\/a>\u00a0 Einklang<\/em><\/p>\n<p><img loading=\"lazy\" decoding=\"async\" class=\"alignnone wp-image-1545\" src=\"https:\/\/einschamanenweg.de\/wp-content\/uploads\/2025\/07\/Solen_org-scaled-e1752608519522-300x80.jpg\" alt=\"\" width=\"1000\" height=\"267\" srcset=\"https:\/\/einschamanenweg.de\/wp-content\/uploads\/2025\/07\/Solen_org-scaled-e1752608519522-300x80.jpg 300w, https:\/\/einschamanenweg.de\/wp-content\/uploads\/2025\/07\/Solen_org-scaled-e1752608519522-1024x273.jpg 1024w, https:\/\/einschamanenweg.de\/wp-content\/uploads\/2025\/07\/Solen_org-scaled-e1752608519522-768x205.jpg 768w, https:\/\/einschamanenweg.de\/wp-content\/uploads\/2025\/07\/Solen_org-scaled-e1752608519522-1536x410.jpg 1536w, https:\/\/einschamanenweg.de\/wp-content\/uploads\/2025\/07\/Solen_org-scaled-e1752608519522-2048x546.jpg 2048w, https:\/\/einschamanenweg.de\/wp-content\/uploads\/2025\/07\/Solen_org-scaled-e1752608519522-624x166.jpg 624w\" sizes=\"auto, (max-width: 1000px) 100vw, 1000px\" \/><\/p>\n<h2>Leseprobe<\/h2>\n<p><img loading=\"lazy\" decoding=\"async\" class=\"alignleft wp-image-1598 size-full\" src=\"https:\/\/einschamanenweg.de\/wp-content\/uploads\/2025\/08\/Blume150.png\" alt=\"\" width=\"91\" height=\"120\" \/><\/p>\n<p><em><strong>Ninhursanga<\/strong><\/em><\/p>\n<p><em><strong>I<\/strong>n einer kleinen Siedlung, am Zusammenfluss zweier m\u00e4chtiger Wasserl\u00e4ufe mitten im dichten Wald gelegen, wuchs Ninhursanga auf. Bereits in jungen Jahren lernte sie bei Hodura, dem Schamanen, den Geistern zu begegnen und vor ihnen f\u00fcr die Menschen ihrer Gemeinschaft einzutreten. Nach Hoduras Tod war ihr die Aufgabe \u00fcbertragen, sich mit all ihren F\u00e4higkeiten daf\u00fcr einzusetzen, dass die Menschen an jenem Ort im Einklang mit der Sch\u00f6pfung lebten.\u00a0 <\/em><a href=\"https:\/\/shop.tredition.com\/booktitle\/Am_Fluss_im_Schatten_des_gro%3fen_Baumes\/W-417-135-947\">Reinlesen<\/a><\/p>\n<p>&nbsp;<\/p>\n<p>&nbsp;<\/p>\n","protected":false},"excerpt":{"rendered":"<p>\u00a0\u00a0Cover\u00a0 \u00a0 \u00a0 \u00a0 Gedanken\u00a0 \u00a0 \u00a0 Kunst\u00a0 \u00a0 \u00a0 \u00a0 Bezug\u00a0 \u00a0 \u00a0 \u00a0 \u00a0 Buch\u00a0 \u00a0 \u00a0 Einklang Leseprobe Ninhursanga In einer kleinen Siedlung, am Zusammenfluss zweier m\u00e4chtiger Wasserl\u00e4ufe mitten im dichten Wald gelegen, wuchs Ninhursanga auf. Bereits in jungen Jahren lernte sie bei Hodura, dem Schamanen, den Geistern zu begegnen und vor [&hellip;]<\/p>\n","protected":false},"author":1,"featured_media":0,"parent":0,"menu_order":0,"comment_status":"closed","ping_status":"closed","template":"","meta":{"footnotes":""},"class_list":["post-1597","page","type-page","status-publish","hentry"],"_links":{"self":[{"href":"https:\/\/einschamanenweg.de\/index.php?rest_route=\/wp\/v2\/pages\/1597","targetHints":{"allow":["GET"]}}],"collection":[{"href":"https:\/\/einschamanenweg.de\/index.php?rest_route=\/wp\/v2\/pages"}],"about":[{"href":"https:\/\/einschamanenweg.de\/index.php?rest_route=\/wp\/v2\/types\/page"}],"author":[{"embeddable":true,"href":"https:\/\/einschamanenweg.de\/index.php?rest_route=\/wp\/v2\/users\/1"}],"replies":[{"embeddable":true,"href":"https:\/\/einschamanenweg.de\/index.php?rest_route=%2Fwp%2Fv2%2Fcomments&post=1597"}],"version-history":[{"count":3,"href":"https:\/\/einschamanenweg.de\/index.php?rest_route=\/wp\/v2\/pages\/1597\/revisions"}],"predecessor-version":[{"id":1619,"href":"https:\/\/einschamanenweg.de\/index.php?rest_route=\/wp\/v2\/pages\/1597\/revisions\/1619"}],"wp:attachment":[{"href":"https:\/\/einschamanenweg.de\/index.php?rest_route=%2Fwp%2Fv2%2Fmedia&parent=1597"}],"curies":[{"name":"wp","href":"https:\/\/api.w.org\/{rel}","templated":true}]}}